f/d. Calculate the highest common factor of 95 and h.
19
Let w(z) = 4*z**3 - z**2 - 4*z + 3. Let x be 15/6*(-6)/(-5). Let o be w(x). What is the greatest common factor of 36 and o?
18
Let j = 111 + -45. Let w be ((-2)/4)/((-2)/24). What is the highest common divisor of w and j?
6
Let d = 8 + -6. Suppose 4*v = 4*m - 316, -d*v + 170 = -3*m + 412. What is the highest common factor of 12 and m?
12
Let k be (2/(-4))/(3/(-180)). What is the highest common factor of k and 6?
6
Let o = 32 - -23. What is the greatest common factor of 22 and o?
11
Let n(s) = s**3 - 7*s**2 - 5*s - 2. Let o be n(8). What is the highest common divisor of 33 and o?
11
Let h = 121 + 47. Calculate the greatest common factor of 14 and h.
14
Let j be 1/4 - 189/(-28). Let w = -19 - -40. What is the highest common factor of w and j?
7
Let c be (2475/(-100))/(1 - 22/16). What is the highest common divisor of c and 99?
33
Let q = 72 + -30. What is the highest common divisor of 24 and q?
6
Suppose 11 - 89 = -3*h. Suppose -2*b = 1 - 5. Let p be (28 + -2)*3/b. What is the greatest common factor of h and p?
13
Let w be (-5770)/(-45) - (-4)/(-18). Suppose -6*z + 64 = -2*z. What is the highest common divisor of z and w?
16
Suppose 0 = 4*o - 4*o + 2*o. Suppose 5*v = -5*y + 230, 15 = -4*v + 5*y + 190. Suppose -l = -o*l - v. What is the highest common divisor of 18 and l?
9
Let n be ((-2)/3)/((2 - 1)/(-192)). What is the highest common divisor of 32 and n?
32
Suppose -5*l + 5*k + 395 = 0, 321 = 4*l + 3*k - 6*k. Calculate the greatest common divisor of l and 56.
28
Let k be (-4)/(-3)*(-6)/(-4). Suppose -3*t - 2*t + 5*s = -185, -s = k*t - 71. Suppose 0*g = -4*g + t. Calculate the greatest common factor of g and 27.
9
Let q(z) = 60*z + 5. Let o(b) = 4*b**2. Let d be o(1). Let v be q(d). Suppose -3*l - 2*l = -v. Calculate the highest common factor of l and 7.
7
Let m = 0 - -10. Suppose -m = -3*o + 2*o. Let x(c) = c. Let u be x(2). Calculate the highest common divisor of u and o.
2
Let d(j) = -j**3 + 16*j**2 + 19*j - 24. Let p be d(17). Calculate the greatest common divisor of p and 160.
10
Let r be (1*-68)/(-4) - 3. What is the greatest common divisor of 126 and r?
14
Suppose 4*i + 22 = y, -4*y - 4*i - 112 = -8*y. Let v(u) = u**3 + 6*u**2 + 5*u + 3. Let n be v(-3). Calculate the highest common divisor of y and n.
15
Let x = 92 - 82. Let a = -22 + 72. What is the greatest common factor of a and x?
10
Let u be (0 - 1)/(3/(-36)). Let d = -4 + 7. Suppose -5*f + 4*y = -158, d*f - 4*y + 35 = 133. Calculate the greatest common divisor of u and f.
6
Let c be (2*(-1)/(-3))/(1/60). What is the highest common divisor of 10 and c?
10
Let x = 106 - 85. What is the greatest common divisor of x and 7?
7
Let k(b) = -3*b + 2. Let g be k(-2). Suppose -g = -y - 0. What is the highest common divisor of y and 56?
8
Let p be 6/5*10/4. Let h(l) = 2*l**3 - 3*l**2 + l - 3. Let d be h(p). What is the highest common divisor of d and 3?
3
Let r(y) = -11*y + 4. Let l be r(-6). Let v = 57 + -43. What is the highest common divisor of v and l?
14
Suppose 193 = -4*i + 21. Let j = 61 + i. Calculate the highest common factor of j and 12.
6
Suppose 2*s = 2*m + 4*s - 10, 5*m - 2*s + 3 = 0. What is the highest common factor of 4 and m?
1
Let f be 424/14 - (-4)/(-14). Calculate the greatest common divisor of f and 10.
10
Let g(v) = -v**3 + 4*v**2 + 6*v - 2. Let r be g(5). Suppose -5*n + 2*j + 2*j + 16 = 0, r*n + 2*j = 14. Calculate the highest common factor of n and 28.
4
Let r = -22 + 42. Let w(n) = 1 - n + 0*n - n**2 - 11*n**3 - 2. Let b be w(-1). Calculate the greatest common divisor of b and r.
10
Let r be 27/(-6)*(0 - 2). What is the highest common divisor of 72 and r?
9
Suppose -5*q + 0*q + 80 = 0. Calculate the highest common factor of q and 112.
16
Suppose b + 5*k + 1 = 0, 5*b - 7*k = -3*k + 24. What is the greatest common factor of b and 28?
4
Let x be (-2)/6*(-6 + -51). Calculate the highest common factor of x and 95.
19
Let p = 42 + -27. What is the greatest common factor of p and 120?
15
Suppose 0 = 4*v - 2*n + 78, -5*v + 4*n = 66 + 24. Let w = v + -54. Let y = -40 - w. Calculate the greatest common divisor of y and 9.
9
Suppose -4*f = 490 - 30. Let x = -66 - f. Calculate the greatest common divisor of 7 and x.
7
Suppose 3*o = -2*y - 0*y + 12, -o + 4 = 3*y. Let p(n) = 2*n**2 - n - 4. Let c be p(o). Calculate the greatest common factor of c and 36.
12
Suppose 0 = -z + 4*z - 4*f - 154, -3*f - 3 = 0. Suppose -m = -2*b - 17, -5*m - 3*b - z = -10*m. What is the highest common factor of 49 and m?
7
Let c be 15 + -1 - (-8 - -9). Calculate the greatest common factor of 52 and c.
13
Let s(x) = -x**3 - 7*x**2 - 3*x - 6. Let w be s(-7). Calculate the highest common divisor of w and 120.
15
Let p = 48 + -8. Calculate the highest common factor of p and 200.
40
Let b(n) = -n**3 - 2*n**2 + n + 4. Let j(l) = l**3 - 8*l**2 - 8*l - 12. Let u be j(9). Let h be b(u). What is the highest common divisor of 10 and h?
10
Let u(t) = 50*t + 25. Let f be u(5). What is the greatest common factor of f and 25?
25
Let f be (66 - 1) + (-4 - 0 - -4). Calculate the highest common factor of 13 and f.
13
Let k = -168 - -255. What is the greatest common factor of 116 and k?
29
Suppose j = 3*p + 17, 5*j - p = -3*p. Let w(h) = -1 + 5 - j + h. Let i be w(3). Calculate the highest common divisor of 55 and i.
5
Suppose 40 = 5*n + 5*s, 3*n - 3*s + 5 = -1. Suppose -t = 4*m + 14, 0 = -t - 2*t - 3*m - 6. Calculate the highest common factor of n and t.
1
Suppose n + 7 = 5*x, -3 = -4*n + 4*x + 1. Let j be 115/n + 5/(-15). What is the highest common divisor of 95 and j?
19
Suppose -396 = -4*r + 5*k, 2*r - 5*k - 93 - 95 = 0. What is the highest common divisor of r and 13?
13
Suppose 0*v + v - t + 6 = 0, 2*v + 2*t = -12. Let n(c) = -2*c - 6. Let b be n(v). Let m be (-42)/(-5)*(0 - -5). Calculate the highest common divisor of b and m.
6
Let p(z) = 4*z**2 + 2*z + 1. Let a be p(2). What is the greatest common divisor of 28 and a?
7
Let n be (-10)/(-3)*129/(-2). Let r = 325 + n. Suppose 49 = 4*c - 2*j - 1, -3*c - 2*j + 20 = 0. Calculate the greatest common factor of c and r.
10
Let j = -43 + 76. Suppose 0 = -3*y + y + 12. Suppose 5*t + y = 116. Calculate the greatest common factor of t and j.
11
Let u be 12*(0 + (-2)/(-2)). Let t = u + -6. What is the greatest common factor of t and 24?
6
Let d be 2/6 - (-1)/(-3). Suppose 5*m = -d*k + 2*k, -2*m = -5*k + 21. Calculate the highest common divisor of k and 30.
5
Let i = -6 - -6. Suppose i*g = 3*g - 21. Suppose -4*y = -25 - g. Calculate the greatest common factor of y and 8.
8
Let j(r) = 8*r + 3. Let f be j(11). Calculate the greatest common factor of 26 and f.
13
Suppose 4 = 2*i - 4*v - 0, 0 = 2*i - 5*v. Calculate the greatest common divisor of 10 and i.
10
Let u = 5 - 5. Suppose 2 = -u*i + i. Let q be 1/(-2 + 3) + i. What is the greatest common divisor of q and 24?
3
Let f be 16 - (-1 - (-4 - 0)). Suppose 2*p = 4*q + 108, -5*q + 255 = 5*p - 0*q. Calculate the highest common divisor of p and f.
13
Let s = -59 - -95. What is the greatest common factor of 4 and s?
4
Suppose 0 = 5*f + x + x - 58, f - 4*x = -6. Let c = 14 - f. Let h(v) = v**2 - 7*v - 14. Let l be h(9). Calculate the highest common factor of l and c.
4
Let w(b) = -b**3 + 4*b - 3. Let x be w(2). Let q be ((-12)/10)/(x/15). Let k be -2 + (-5)/((-15)/24). Calculate the highest common divisor of k and q.
6
Let b be 0 + -1 + 1 + 2. Let i(z) = -z - 1. Let p be i(-6). What is the greatest common factor of p and b?
1
Let n be ((-12)/10)/(4/(-10)). Suppose k + 5*h = -1, -n*h + 5 = 2*k - k. Calculate the greatest common factor of k and 98.
14
Let n be 2/6 + 65/3. Let p = n - 8. Calculate the greatest common divisor of p and 70.
14
Let t be (18/24)/(2/264). Let u(m) = 10*m**3 + 2*m - 1. Let s = -2 - -3. Let g be u(s). Calculate the greatest common factor of g and t.
11
Let w(f) = f**2 - 3*f + 1. Let c be w(4). Suppose 16 = z - c*z. Let p = z + 5. Calculate the highest common factor of p and 9.
1
Let z be (180/(-21))/(12/(-56)). Calculate the greatest common factor of 160 and z.
40
Let b = 11 - 7. Let f = -4 + b. Let x(t) = -t**2 + 9. Let q be x(f). Calculate the greatest common factor of 27 and q.
9
Suppose 0*l - 14 = 5*l + 2*g, 5*g - 15 = 0. Let m be (2/l)/(2/(-4)). What 